= 13 - p. Let c(v) = -v**2 + 3*v + 7. Give c(y).
-3
Let i(b) = b**3 - b - 13. Suppose 5*x = 5*o - 40, -5*o = 5*x - 3 + 13. Suppose -o*d - 3 = -15. Suppose -3*s + d*q = -2*s + 8, -4*s = -q + 2. What is i(s)?
-13
Suppose -5*k - 3 = 2. Let g(q) = -18 - 17 + 74 - 9*q**3 - 2*q**2 - 17 - 21. Calculate g(k).
8
Let u be 135/(((-1)/6)/(10/(-90))). Let x(a) = -93*a + u*a - 5 + 3. Give x(-3).
7
Let k = -10787/12 - -899. Let u(o) be the second derivative of 0 + k*o**4 - 5/2*o**2 - 1/6*o**3 - 3*o. What is u(-4)?
15
Let d(u) be the first derivative of u**4/4 + 2*u**3 + u + 661. Let r = -14 + 8. Let w be (-19)/3 + (-2)/r. Give d(w).
1
Let u(q) = 2*q - 7. Let y be (-5)/10*(-13 + 3 + -2). What is u(y)?
5
Let h(x) = -11*x**3 + 5*x**2 - 3*x. Suppose 0 = -2*t, -321*r + 318*r = 2*t - 3. Determine h(r).
-9
Let c(w) = 9*w + 26. Let v(y) = -2*y - 5. Let j(b) = 2*c(b) + 11*v(b). Give j(-2).
5
Let j(o) = o**2 + 2*o. Let y be j(-3). Suppose t = y*t - 12. Let k(h) be the third derivative of -h**5/60 + 7*h**4/24 - 23*h**2. Calculate k(t).
6
Let u(j) = 1 + 0 - 11*j**2 - j**2 - 1. Give u(-1).
-12
Let d(c) be the second derivative of c**4/12 + 7*c**3/6 + 7*c**2/2 + 71*c. Determine d(-5).
-3
Let s(h) = h**3 - 5*h + 5*h**2 - 3*h**3 + 2229 + 2*h - 2231. Give s(2).
-4
Let m(f) = 5*f + 3. Suppose -x + 9 - 1 = 0. Let n(a) = -3*a + 6*a + 2 + 0. Let l(k) = x*n(k) - 5*m(k). What is l(6)?
-5
Suppose r + 3*r = 20. Let b(d) = 4*d + 11 - 4 - r*d - d. Give b(6).
-5
Suppose 4*b - v - v = -2, 4*v - 28 = -4*b. Let c(x) = x**2 + 12*x + 23. Let w be c(-10). Let z(o) = 2 - o**w + 6 + o - 1 + o**2 - b*o. Calculate z(0).
7
Let i(s) = -8*s - s**2 + 7 - 7*s**2 - 17 - s**3. What is i(-7)?
-3
Let b(d) = -14 + 8 + 2*d + 12 + 1. Let m(u) = 2*u**2 - 31*u + 9. Let i be m(15). What is b(i)?
-5
Let w be ((-4)/(-30))/((-32)/(-480)). Let r(b) = 6*b - 2. Calculate r(w).
10
Let b be 3/(-15) + 171/(-45). Let o = 10 - 5. Let x(a) = -a + 3 - o + 4. Give x(b).
6
Suppose -3*q + 39 = -5*z + 2*z, 16 = -4*z. Let f = q + -12. Let y(s) = s - 3. What is y(f)?
-6
Suppose -5*a - 44 = n, -7*n + 9*n - 29 = 3*a. Let b(z) = z**3 + 10*z**2 + 11*z - 7. Give b(a).
-25
Let r be 3/((-1)/(3/(-3))). Let t be -3 + r*21/9. Let z(q) = -6 - 5*q + 13 + t*q**2 + 0*q**3 + q**3. Calculate z(-5).
7
Suppose -6*a = -2*a + 92. Let b = a + 26. Let w(z) = z**3 - 2*z**2 - 4*z. Give w(b).
-3
Let w(u) = u - 4. Let q(l) = l**3 + 10*l**2 - l - 5. Let f be q(-10). Suppose f*i + r + 42 - 10 = 0, i + 13 = 2*r. Calculate w(i).
-11
Let t(m) = -2*m**3 + 2*m**2 + m. Let w be t(-2). Let i = w + 3. Let o(h) = 26*h**3 - 3 - i*h**3 + 0 - 4*h**2. Give o(4).
-3
Let k(z) = -4*z**2 + 22*z - 8. Let w be k(5). Let l(h) = h**2 + h - 2. Calculate l(w).
4
Let s = 163 + 70. Let u(j) = 5*j**3 + 235 + j**2 - s - 4*j**3. Determine u(-2).
-2
Let o(h) = 9*h**2 + 26*h + 127. Let v(r) = 3*r**2 + 9*r + 42. Let a(f) = 4*o(f) - 11*v(f). Let x(g) be the first derivative of a(g). What is x(-6)?
-31
Let n(p) = -4*p**3 + 33*p**2 - 7*p - 10. Let x be n(8). Let r be 0/(-5 - x)*(8 - 7). Let u(k) = -2*k - 7. Calculate u(r).
-7
Suppose 0 = 2*p - 76 + 8. Let r = p - 29. Let w(c) = c**2 - 7*c + 1. Calculate w(r).
-9
Let u(x) = 8*x - 2. Suppose -3*r = 3*a + 37 - 7, 5*r + 3*a + 40 = 0. What is u(r)?
-42
Let o(g) = g**2 + 2*g - 8*g - 6 - 1. Let f = 1386 + -1380. Calculate o(f).
-7
Let c(y) = -y**3 + 5*y**2 - 23*y + 166. Let x be c(6). Let a(m) be the third derivative of -m**4/24 - 5*m**3/3 - 3*m**2. Determine a(x).
-2
Suppose 4*v + 117 - 101 = 0. Suppose -2*x + 18 = 4*f + 3*x, 2*f = -4*x + 12. Let j(s) = -2*s + 6 + 7*s - f*s. Calculate j(v).
-6
Let d(k) = 20*k**2 - 13*k + 9. Let q(s) = 9*s**2 - 7*s + 5. Let f(g) = -4*d(g) + 9*q(g). Determine f(6).
-21
Let x be (-3339)/(-36) + 2/8. Let c = x - 173. Let o be (-10)/1*32/c. Let n(m) = m**2 - 3*m + 3. Calculate n(o).
7
Let u(l) be the second derivative of -l**6/360 + l**5/40 - l**4/8 + l**3/2 - 9*l. Let h(t) be the second derivative of u(t). Give h(2).
-1
Let n(g) be the second derivative of g**4/12 + g**3/6 - g. Let t be 5 + (24/(-7) - (-3)/7). What is n(t)?
6
Let n(t) = t**3 - t + 1. Let b(m) = m**3 - 3*m**2 + 5*m + 5. Let j(z) = -b(z) + 2*n(z). Suppose 0 = -9*q - 14 - 31. Calculate j(q).
-18
Suppose -8 = -7*i + 6. Let t(q) = -8*q - 2 - 3*q**3 + 6*q**3 - 7*q**i - 5 - 2*q**3. Give t(8).
-7
Let u(j) be the third derivative of j**4/12 + 16*j**2 - j. Let y be (2*(-3)/(-6))/1. Calculate u(y).
2
Suppose -16 = -4*z + 4. Suppose 4*w + 10 = -3*l, -l - 5 - 9 = 4*w. Let m(s) = 2*s - 3*s + l*s - z + 0*s. What is m(0)?
-5
Let g(l) = 7*l + l**2 + 1 - 1 - 7*l + 5*l - 1. Calculate g(-3).
-7
Let a = -74 + 75. Let y(c) = 7*c**2 + a - 2 + 0. Let r be 2/2 - 2*1. Calculate y(r).
6
Let d(k) = 7*k - 2. Suppose 0*i - 3*i - 33 = -5*j, j - 7 = i. Suppose -a + j*a - 15 = 0. Determine d(a).
19
Let l(d) = 40*d - 2. Let j(t) = 361*t - 19. Let g(s) = 2*j(s) - 19*l(s). What is g(1)?
-38
Let w(b) = -2*b**2 - 4*b - 4. Let c(s) = -5*s**2 - 8*s - 7. Let h(o) = 3*c(o) - 5*w(o). Let m(p) = -p**2 - p. Let i(x) = 2*h(x) - 9*m(x). What is i(-2)?
-8
Let d(h) = -143*h - 338. Let g(n) = -5*n - 12. Let p(k) = -6*d(k) + 169*g(k). What is p(-1)?
-13
Let a(f) = -6*f - 19. Let o be (-12)/(-15) - (-3 + 78/10). Let p be a(o). Let t(j) = j - 3. Determine t(p).
2
Let b(a) = -3*a**2 - 20*a - 8. Let q be b(-6). Let h(i) = 6*i - 5. Give h(q).
19
Let q(p) = p - 3. Let k(x) = x - 3. Let g(m) = 4*k(m) - 2*q(m). Determine g(6).
6
Let h(l) = 4 + 11*l + 3 + l**2 + 3. Let d be (-2)/((-60)/(-274)) - 54/(-405). Give h(d).
-8
Let g(a) = a**2 + 15. Let o = 16 - 12. Suppose o*v - 2*v - 6 = -3*c, 2*v = c - 2. Determine g(v).
15
Let i(t) = 9*t. Let q(v) = 9*v + 24. Let n(p) = -10*p - 23. Let d(a) = -2*n(a) - 3*q(a). Let r be d(-4). What is i(r)?
18
Let x be (-28)/154 + 42/(-11). Let o(r) = -2*r**2 - 9*r - 1. Let p be o(x). Let t(b) = -b**3 + 4*b - 2 + 3 + 4*b**2 - 3*b**2. What is t(p)?
-5
Let c(y) = 3*y**3 + 6*y**2 - 5*y + 6. Let m be 1/(20/70 + 1/21). Let x(p) = -4*p**3 - 6*p**2 + 6*p - 7. Let o(l) = m*c(l) + 2*x(l). Calculate o(-6).
22
Let v(b) = b**2 - 11*b - 29. Suppose -325 = -11*f - 14*f. Give v(f).
-3
Let l = -38 - -43. Let v(w) = 2 - l*w - 11 - 4*w + 4*w. Calculate v(-6).
21
Let o(m) = 23. Let y(a) = a + 69. Let u(z) = 7*o(z) - 2*y(z). Determine u(11).
1
Let q = 554 - 558. Let k(n) = n**3 + 2*n**2 - 3*n - 3. What is k(q)?
-23
Let d = -2 - -5. Suppose i - 1 = d. Let u(f) = f**3 - 2*f**2 - 2*f + 3. Let t(o) = 2*o**3 - 4*o**2 - 3*o + 6. Let a(q) = -4*t(q) + 9*u(q). Determine a(i).
11
Let k(n) = n**2 + 6*n - 6. Suppose 0 = 27*l - 37*l - 60. Let h(m) be the second derivative of -m**3/6 - 6*m**2 - m. Let a be h(l). Give k(a).
-6
Let g be (-15)/5*3 - (-3)/1. Let a(u) = -5*u**2 + 6*u**2 + 7*u - 1 - 1. Determine a(g).
-8
Suppose 0 = -s - 4*c + 14, -s + 2*c + 2 = 3*s. Let i be (0 + 1/s)*4. Let d(v) = 2*v**i - v**2 - 27 + 27. Determine d(-1).
1
Let n(c) be the second derivative of c**7/840 - c**6/72 + c**5/30 + c**4/8 + 2*c**3/3 - 6*c. Let d(t) be the second derivative of n(t). What is d(4)?
3
Let q(g) = g - 3. Suppose -p + 22 = -30. Suppose 6*y + p = 10*y. Suppose 3 = 3*f, 2*f + y = 3*j - 3*f. Give q(j).
3
Let f(o) = -2*o**2 + 7*o + 2. Suppose 29 + 86 = 23*w. Determine f(w).
-13
Let p(l) = -23 - 13*l**2 + 25*l**2 + 20 + 2*l - 9*l**2. Determine p(1).
2
Let i(c) = -c**3 + 300*c**2 + c - 607*c**2 + 309*c**2 + 1. Calculate i(3).
-5
Let h be (-1 + 0)*(17 - 16). Let c = 3 + h. Let s(x) = -x**3 + 5*x**2 - 2*x. Determine s(c).
8
Let f(h) = h**2 + 7*h + 1. Let k = -15 + 17. Suppose q + 5 = -k. Give f(q).
1
Let h(q) = -6*q**3 + q**2 - 5*q - 22. Let t(c) = -c**3 + c**2 - c - 5. Let k(p) = h(p) - 4*t(p). Determine k(-2).
4
Let u(a) = 15*a - 2 - 47*a + 19*a + 15*a - a**2. Let v be 4 + (-3)/1 + 2. Determine u(v).
-5
Let i(q) = 7*q - 16 - 8 + 22 - q**2. Suppose 6 = m + 2. Suppose -m*u + 3*u + 4 = 0, -5*p - 4*u + 41 = 0. Calculate i(p).
8
Let n(a) = -8*a - 237. Let m be n(-30). Let d(r) be the third derivative of 5*r**2 + r**m + 1/12*r**4 + 0*r + 0. Calculate d(-4).
-2
Let n(d) be the third derivative of d**6/120 - d**5/12 - 5*d**4/24 - 7*d**3/6 - 3*d**2 + 1. Determine n(6).
-1
Let d(i) = -2*i**2 + 15*i**3 + 10*i**3 - 5*i - 21*i**3. Suppose -2*r + 4 = -2. Let v(j) = 3*j**3 - j**2 - 4*j. Let l(w) = r*v(w) - 2*d(w). Give l(-2).
0
Le